ds digit of 835000396?
0
What is the hundred thousands digit of 59947946?
9
What is the ten thousands digit of 208939955?
3
What is the ten thousands digit of 7263492422?
9
What is the tens digit of 440190149?
4
What is the ten millions digit of 607944006?
0
What is the ten millions digit of 44767381?
4
What is the hundred thousands digit of 90737463?
7
What is the thousands digit of 309967676?
7
What is the thousands digit of 98156358?
6
What is the tens digit of 604517036?
3
What is the millions digit of 211824141?
1
What is the hundreds digit of 286337104?
1
What is the ten thousands digit of 2724267893?
6
What is the thousands digit of 38738443?
8
What is the billions digit of 1121759257?
1
What is the ten thousands digit of 784637339?
3
What is the hundreds digit of 235881290?
2
What is the hundred millions digit of 2133781722?
1
What is the tens digit of 3037449?
4
What is the tens digit of 1954496424?
2
What is the millions digit of 33994359?
3
What is the billions digit of 2683699495?
2
What is the ten millions digit of 185055792?
8
What is the units digit of 32644443?
3
What is the hundred millions digit of 1332091783?
3
What is the ten millions digit of 4458763522?
5
What is the ten thousands digit of 123081383?
8
What is the hundreds digit of 167911120?
1
What is the ten thousands digit of 184277282?
7
What is the thousands digit of 1135024320?
4
What is the hundred millions digit of 775264566?
7
What is the units digit of 36066642?
2
What is the millions digit of 112647419?
2
What is the ten millions digit of 336297938?
3
What is the hundreds digit of 7643992?
9
What is the ten millions digit of 68575112?
6
What is the hundred millions digit of 655072945?
6
What is the ten thousands digit of 66213501?
1
What is the ten millions digit of 1897700525?
9
What is the units digit of 494515772?
2
What is the thousands digit of 179854469?
4
What is the tens digit of 4620991208?
0
What is the hundred thousands digit of 912361781?
3
What is the ten thousands digit of 128679508?
7
What is the ten thousands digit of 62925125?
2
What is the ten thousands digit of 930882732?
8
What is the tens digit of 1565736467?
6
What is the thousands digit of 1146067194?
7
What is the units digit of 27707354?
4
What is the thousands digit of 15282687?
2
What is the millions digit of 7321832698?
1
What is the thousands digit of 26108093?
8
What is the ten thousands digit of 11398291?
9
What is the thousands digit of 7998182?
8
What is the thousands digit of 59884271?
4
What is the ten thousands digit of 31493095?
9
What is the units digit of 441971559?
9
What is the hundred thousands digit of 21321061?
3
What is the hundreds digit of 175164446?
4
What is the hundreds digit of 1846638860?
8
What is the hundred thousands digit of 6098271253?
2
What is the units digit of 12832347?
7
What is the hundreds digit of 30305892?
8
What is the millions digit of 5928640871?
8
What is the ten thousands digit of 2317201468?
0
What is the units digit of 441300881?
1
What is the units digit of 75814653?
3
What is the hundred thousands digit of 913062056?
0
What is the thousands digit of 4218053497?
3
What is the hundred thousands digit of 59231407?
2
What is the hundreds digit of 552526260?
2
What is the tens digit of 811160310?
1
What is the thousands digit of 4840937805?
7
What is the hundred thousands digit of 126266902?
2
What is the hundreds digit of 164292327?
3
What is the hundred millions digit of 3246401491?
2
What is the millions digit of 356307116?
6
What is the hundred millions digit of 1359874478?
3
What is the hundred thousands digit of 54280049?
2
What is the ten millions digit of 17257925?
1
What is the tens digit of 40188010?
1
What is the ten millions digit of 379929014?
7
What is the thousands digit of 339111042?
1
What is the units digit of 19919905?
5
What is the millions digit of 67563572?
7
What is the ten millions digit of 579894536?
7
What is the hundreds digit of 153560851?
8
What is the ten thousands digit of 433022593?
2
What is the thousands digit of 59143381?
3
What is the units digit of 3373306464?
4
What is the tens digit of 30671833?
3
What is the hundreds digit of 74354319?
3
What is the millions digit of 725495782?
5
What is the units digit of 6714246?
6
What is the tens digit of 2012638389?
8
What is the millions digit of 27130689?
7
What is the ten millions digit of 107448797?
0
What is the thousands digit of 3828098819?
8
What is the thousands digit of 223637861?
7
What is the ten millions digit of 65272495?
6
What is the hundred millions digit of 228919947?
2
What is the tens digit of 86671878?
7
What is the millions digit of 30902434?
0
What is the hundred millions digit of 216423199?
2
What is the ten thousands digit of 1352239965?
3
What is the tens digit of 399014978?
7
What is the tens digit of 66469984?
8
What is the ten thousands digit of 7180953?
8
What is the tens digit of 367694112?
1
What is the thousands digit of 130758287?
8
What is the hundreds digit of 2832560864?
8
What is the millions digit of 868572295?
8
What is the tens digit of 57936289?
8
What is the ten thousands digit of 27117668?
1
What is the millions digit of 129176069?
9
What is the hundred millions digit of 411415378?
4
What is the thousands digit of 45604385?
4
What is the tens digit of 4305618831?
3
What is the units digit of 3453251418?
8
What is the tens digit of 277127066?
6
What is the hundreds digit of 383696024?
0
What is the ten millions digit of 1195931840?
9
What is the ten thousands digit of 643297229?
9
What is the thousands digit of 184847830?
7
What is the ten thousands digit of 2829066766?
6
What is the hundred thousands digit of 1553401312?
4
What is the ten millions digit of 28146303?
2
What is the tens digit of 9158293?
9
What is the ten millions digit of 26188115?
2
What is the thousands digit of 46717701?
7
What is the ten thousands digit of 3324088428?
8
What is the hundred thousands digit of 222613658?
6
What is the units digit of 522007491?
1
What is the units digit of 770031715?
5
What is the millions digit of 6059050136?
9
What is the ten thousands digit of 1537591806?
9
What is the ten thousands digit of 724109363?
0
What is the hundred thousands digit of 22395956?
3
What is the hundred millions digit of 2823156681?
8
What is the millions digit of 53887524?
3
What is the hundred millions digit of 300992273?
3
What is the hundred thousands digit of 3577329668?
3
What is the hundred thousands digit of 33866127?
8
What is the ten thousands digit of 139158314?
5
What is the ten millions digit of 731349618?
3
What is the millions digit of 741588726?
1
What is the thousands digit of 142163772?
3
What is the hundred millions digit of 450831985?
4
What is the millions digit of 401307619?
1
What is the hundred thousands digit of 1203370777?
3
What is the thousands digit of 485555051?
5
What is the ten millions digit of 25814551?
2
What is the millions digit of 664979217?
4
What is the thousands digit of 399280641?
0
What is the thousands digit of 101310057?
0
What is the billions digit of 4048270663?
4
What is the tens digit of 592880088?
8
What is the hundreds digit of 204826876?
8
What is the hundreds digit of 32688055?
0
What is the millions digit of 87627673?
7
What is the ten thousands digit of 195698312?
9
What is the hundreds digit of 166486117?
1
What is the hundred millions digit of 160436960?
1
What is the ten millions digit of 2936723199?
3
What is the ten millions digit of 568816301?
6
What is the units digit of 384066036?
6
What is the ten thousands digit of 1011430622?
3
What is the millions digit of 77367883?
7
What is the ten thousands digit of 35175172?
7
What is the tens digit of 11617857?
5
What is the hundred thousands digit of 53444827?
4
What is the tens digit of 1789051996?
9
What is the hundred thousands digit of 187473413?
4
What is the hundred thousands digit of 154227160?
2
What is the hundred millions digit of 631686994?
6
What is the tens digit of 267214213?
1
What is the tens digit of 34119332?
3
What is the thousands digit of 70771022?
1
What is the tens digit of 33010750?
5
What is the ten millions digit of 676058872?
7
What is the thousands digit of 429414113?
4
What is the ten thousands digit of 220865